{"id":156,"date":"2024-08-18T09:20:34","date_gmt":"2024-08-18T07:20:34","guid":{"rendered":"https:\/\/berlin.arbeitundleben.de\/zukunftszentrum-brandenburg\/?page_id=156"},"modified":"2026-01-22T09:50:43","modified_gmt":"2026-01-22T08:50:43","slug":"beratung","status":"publish","type":"page","link":"https:\/\/berlin.arbeitundleben.de\/zukunftszentrum-brandenburg\/beratung\/","title":{"rendered":"Beratung"},"content":{"rendered":" <div class=\"block block--header \" id=\"block_5dc7158e20f7cd630edb419381fdfb48\" data-id=\"\">\n\n\t<header class=\"header--small relative flex flex--middle\">\n\n     \n\t\t\t<img decoding=\"async\" src=\"https:\/\/berlin.arbeitundleben.de\/zukunftszentrum-brandenburg\/wp-content\/uploads\/2024\/07\/AuL-Website_HEADER_klein_rot-1600x289.jpg\"\n\t\t\t\tsrcset=\"https:\/\/berlin.arbeitundleben.de\/zukunftszentrum-brandenburg\/wp-content\/uploads\/2024\/07\/AuL-Website_HEADER_klein_rot.jpg 2400w,\n\t\t\t\t\t\thttps:\/\/berlin.arbeitundleben.de\/zukunftszentrum-brandenburg\/wp-content\/uploads\/2024\/07\/AuL-Website_HEADER_klein_rot.jpg 1920w,\n\t\t\t\t\t\thttps:\/\/berlin.arbeitundleben.de\/zukunftszentrum-brandenburg\/wp-content\/uploads\/2024\/07\/AuL-Website_HEADER_klein_rot-1600x289.jpg 1600w,\n\t\t\t\t\t\thttps:\/\/berlin.arbeitundleben.de\/zukunftszentrum-brandenburg\/wp-content\/uploads\/2024\/07\/AuL-Website_HEADER_klein_rot-1400x253.jpg 1400w,\n\t\t\t\t\t\thttps:\/\/berlin.arbeitundleben.de\/zukunftszentrum-brandenburg\/wp-content\/uploads\/2024\/07\/AuL-Website_HEADER_klein_rot-1200x217.jpg 1200w,\n\t\t\t\t\t\thttps:\/\/berlin.arbeitundleben.de\/zukunftszentrum-brandenburg\/wp-content\/uploads\/2024\/07\/AuL-Website_HEADER_klein_rot-1024x185.jpg 1024w,\n\t\t\t\t\t\thttps:\/\/berlin.arbeitundleben.de\/zukunftszentrum-brandenburg\/wp-content\/uploads\/2024\/07\/AuL-Website_HEADER_klein_rot-800x145.jpg 800w\" \n\t\t\t\tsizes=\"100vw\" loading=\"lazy\"\n\t\t\t\twidth=\"1903\" height=\"344\"\n\t\t\t\talt=\"\">\n\n\t\t\n        <div class=\"one-whole\">\n            <div class=\"container relative\">\n                <h1>Individuelle Beratung<\/h1>\n                                \t<p>Zukunftszentrum Brandenburg \u2013 Unterst\u00fctzung, die passt<\/p>\n                            <\/div>\n        <\/div>\n\n    <\/header>\n\n<\/div>\n\n<div class=\"container spacing\"> \n\n    <ul class=\"margin-bottom\" id=\"breadcrumbs\"><li><a href=\"https:\/\/berlin.arbeitundleben.de\/zukunftszentrum-brandenburg\/\">Startseite<\/a><\/li><\/ul>\n<\/div>\n\n <div class=\"block block--text  margin-bottom--big\" id=\"block_41df6ecd5a22a319fc5bf309bf8a49fe\" data-id=\"\">\n\n\n\t<div class=\"container normal\">\n\n\t\t<p>Das Team des Zukunftszentrums Brandenburg steht Unternehmen mit Rat und Tat zur Seite, wenn es darum geht, die Herausforderungen der sich rasant ver\u00e4ndernden Arbeitswelt zu meistern. Jeder Betrieb ist einzigartig \u2013 und genau deshalb setzen wir auf individuelle Beratung, die genau dort ankn\u00fcpft, wo der Schuh dr\u00fcckt.<\/p>\n<p>Ob es um Digitalisierung, Fachkr\u00e4ftesicherung, neue Technologien oder die Entwicklung einer zukunftsf\u00e4higen Unternehmenskultur geht: Unsere Expertinnen und Experten bringen das n\u00f6tige Know-how und Fingerspitzengef\u00fchl mit, um ma\u00dfgeschneiderte L\u00f6sungen zu entwickeln. Mit einem offenen Ohr, praxisnahen Ideen und viel Erfahrung begleiten wir Unternehmen auf ihrem Weg \u2013 f\u00fcr nachhaltigen Erfolg und eine starke Position in der Arbeitswelt von morgen. Denn eines ist sicher: Gemeinsam l\u00e4sst sich jede Herausforderung meistern.<\/p>\n<p>Nutzen Sie die Chance, Ihr Unternehmen auf das n\u00e4chste Level zu bringen, und vereinbaren Sie einen Termin zum Erstgespr\u00e4ch. Gemeinsam analysieren wir Ihr Thema, entwickeln einen systematischen Ansatz und erstellen einen Plan mit klaren, umsetzbaren Ma\u00dfnahmen. Die Beratung ist f\u00fcr Brandenburger Betriebe <strong>immer kostenfrei<\/strong> \u2013 von der ersten Idee bis zur konkreten Umsetzung.<\/p>\n<p>Profitieren Sie von unserer Expertise und machen Sie den n\u00e4chsten Schritt in Richtung Zukunft.<\/p>\n\n\t<\/div>\n\n<\/div>\n\n <div class=\"block block--gallery  margin-bottom--big\" id=\"block_e2912088694666386781cae62084f256\" data-id=\"\">\n\n\n\t<div class=\"container gallery normal\">\n\n\t\t<div class=\"flex flexgrid--narrow flex--wrap flex--center\">\n\n                            \n                    <div class=\"flex__item one-third  md-one-half xs-one-whole\">\n\n                        <div class=\"item__inner\">\n                            <div class=\"item__image object-fit-con\">\n\n                                <img decoding=\"async\" src=\"https:\/\/berlin.arbeitundleben.de\/zukunftszentrum-brandenburg\/wp-content\/uploads\/2024\/11\/iStock-14867275123-540x305.jpg\" \n                                    srcset=\"https:\/\/berlin.arbeitundleben.de\/zukunftszentrum-brandenburg\/wp-content\/uploads\/2024\/11\/iStock-14867275123-1024x578.jpg 2x,\n                                        https:\/\/berlin.arbeitundleben.de\/zukunftszentrum-brandenburg\/wp-content\/uploads\/2024\/11\/iStock-14867275123-540x305.jpg 1x\" \n                                    alt=\"Business team collaboration discussing working with new startup projects, discussion and analysis of business charts and graphs. and brainstorming to strategy planning making a profit of the company.\" \/>\n\n                                                                    <span style=\"color:#FFF;position:absolute;bottom:0.25rem;right:0.5rem;font-size:0.6rem;text-shadow:0 1px 2px rgba(0,0,0,0.4);\">\n                                        &copy; iStock &#8211; pcess609                                    <\/span>\n                                \n                            <\/div>\n                           \n                        <\/div>\n\n                    <\/div>\n\n\n                \n                    <div class=\"flex__item one-third  md-one-half xs-one-whole\">\n\n                        <div class=\"item__inner\">\n                            <div class=\"item__image object-fit-con\">\n\n                                <img decoding=\"async\" src=\"https:\/\/berlin.arbeitundleben.de\/zukunftszentrum-brandenburg\/wp-content\/uploads\/2024\/11\/iStock-11477703802-e1732621235786-540x435.jpg\" \n                                    srcset=\"https:\/\/berlin.arbeitundleben.de\/zukunftszentrum-brandenburg\/wp-content\/uploads\/2024\/11\/iStock-11477703802-e1732621235786-1024x825.jpg 2x,\n                                        https:\/\/berlin.arbeitundleben.de\/zukunftszentrum-brandenburg\/wp-content\/uploads\/2024\/11\/iStock-11477703802-e1732621235786-540x435.jpg 1x\" \n                                    alt=\"Happy mature professor and his students using laptop at campus.\" \/>\n\n                                                                    <span style=\"color:#FFF;position:absolute;bottom:0.25rem;right:0.5rem;font-size:0.6rem;text-shadow:0 1px 2px rgba(0,0,0,0.4);\">\n                                        &copy; iStock &#8211; skynesher                                    <\/span>\n                                \n                            <\/div>\n                           \n                        <\/div>\n\n                    <\/div>\n\n\n                \n                    <div class=\"flex__item one-third  md-one-half xs-one-whole\">\n\n                        <div class=\"item__inner\">\n                            <div class=\"item__image object-fit-con\">\n\n                                <img decoding=\"async\" src=\"https:\/\/berlin.arbeitundleben.de\/zukunftszentrum-brandenburg\/wp-content\/uploads\/2024\/11\/iStock-1475946133-540x244.jpg\" \n                                    srcset=\"https:\/\/berlin.arbeitundleben.de\/zukunftszentrum-brandenburg\/wp-content\/uploads\/2024\/11\/iStock-1475946133-1024x463.jpg 2x,\n                                        https:\/\/berlin.arbeitundleben.de\/zukunftszentrum-brandenburg\/wp-content\/uploads\/2024\/11\/iStock-1475946133-540x244.jpg 1x\" \n                                    alt=\"medical team staff training event\" \/>\n\n                                                                    <span style=\"color:#FFF;position:absolute;bottom:0.25rem;right:0.5rem;font-size:0.6rem;text-shadow:0 1px 2px rgba(0,0,0,0.4);\">\n                                        &copy; iStock &#8211; sturti                                    <\/span>\n                                \n                            <\/div>\n                           \n                        <\/div>\n\n                    <\/div>\n\n\n                            \n        <\/div>\n\n    <\/div>\n\n<\/div>\n\n <div class=\"block block--contacts bg--red spacing contacts  margin-bottom--big\" id=\"block_bf8a2340e9d57703cb8781cbc8c1d3fd\" data-id=\"\">\n\n\n\t<div class=\"container margin-bottom contacts padding-top\">\n\n\t\t\n\t\t\t<h2 class=\"margin-bottom\">Wir freuen uns darauf, Sie kennenzulernen!<\/h2>\n\n\t\t\n\n        <div class=\"flex flexgrid--wide flex--wrap padding-top\">\n\n                            \n                    <div class=\"flex__item one-half lg-one-whole margin-bottom\">\n                        <div class=\"flex flex--middle\">\n                            <div class=\"round\">\n                                <img decoding=\"async\" src=\"https:\/\/berlin.arbeitundleben.de\/zukunftszentrum-brandenburg\/wp-content\/uploads\/2024\/11\/6-AuLBB_240917_Personalfoto-Christine-420x630.jpg\" alt=\"Christine Zeidler\">\n                            <\/div>\n                            <div class=\"\">\n                                <h5>Christine                                Zeidler<\/h5>\n                                <p>Projektleiterin und Beraterin<\/p>\n\n                                <p>\n                                                                            <strong>\n                                            <a href=\"tel:030513019289\">\n                                                030 \/ 5130 192-89                                            <\/a>\n                                        <\/strong><br\/>\n                                                                                                                <strong>\n                                            <a href=\"mailto:zeidler@berlin.arbeitundleben.de\">\n                                                zeidler@<wbr>berlin.<wbr>arbeitundleben.de                                            <\/a>\n                                        <\/strong>\n                                                                    <\/p>\n                            <\/div>\n                        <\/div>\n                    <\/div>\n\n                \n                    <div class=\"flex__item one-half lg-one-whole margin-bottom\">\n                        <div class=\"flex flex--middle\">\n                            <div class=\"round\">\n                                <img decoding=\"async\" src=\"https:\/\/berlin.arbeitundleben.de\/zukunftszentrum-brandenburg\/wp-content\/uploads\/2024\/11\/11-AuLBB_240917_Personalfoto-Birte-420x630.jpg\" alt=\"Birte Komosin\">\n                            <\/div>\n                            <div class=\"\">\n                                <h5>Birte                                Komosin<\/h5>\n                                <p>Beraterin<\/p>\n\n                                <p>\n                                                                            <strong>\n                                            <a href=\"tel:030513019231\">\n                                                030 \/ 5130 192-31                                            <\/a>\n                                        <\/strong><br\/>\n                                                                                                                <strong>\n                                            <a href=\"mailto:komosin@berlin.arbeitundleben.de\">\n                                                komosin@<wbr>berlin.<wbr>arbeitundleben.de                                            <\/a>\n                                        <\/strong>\n                                                                    <\/p>\n                            <\/div>\n                        <\/div>\n                    <\/div>\n\n                \n                    <div class=\"flex__item one-half lg-one-whole margin-bottom\">\n                        <div class=\"flex flex--middle\">\n                            <div class=\"round\">\n                                <img decoding=\"async\" src=\"https:\/\/berlin.arbeitundleben.de\/zukunftszentrum-brandenburg\/wp-content\/uploads\/2026\/01\/Julia_c_AuL-BB_web-420x630.jpg\" alt=\"Julia Proft\">\n                            <\/div>\n                            <div class=\"\">\n                                <h5>Julia                                Proft<\/h5>\n                                <p>Beraterin<\/p>\n\n                                <p>\n                                                                            <strong>\n                                            <a href=\"tel:030513019242\">\n                                                030 \/ 5130 192-42                                            <\/a>\n                                        <\/strong><br\/>\n                                                                                                                <strong>\n                                            <a href=\"mailto:proft@berlin.arbeitundleben.de\">\n                                                proft@<wbr>berlin.<wbr>arbeitundleben.de                                            <\/a>\n                                        <\/strong>\n                                                                    <\/p>\n                            <\/div>\n                        <\/div>\n                    <\/div>\n\n                                    <\/div>\n\n    <\/div>\n\n<\/div>","protected":false},"excerpt":{"rendered":"","protected":false},"author":1,"featured_media":0,"parent":0,"menu_order":0,"comment_status":"closed","ping_status":"closed","template":"","meta":{"_acf_changed":false,"footnotes":""},"class_list":["post-156","page","type-page","status-publish","hentry"],"acf":[],"yoast_head":"<!-- This site is optimized with the Yoast SEO plugin v27.2 - https:\/\/yoast.com\/product\/yoast-seo-wordpress\/ -->\n<title>Beratung - Zukunftszentrum Brandenburg<\/title>\n<meta name=\"robots\" content=\"index, follow, max-snippet:-1, max-image-preview:large, max-video-preview:-1\" \/>\n<link rel=\"canonical\" href=\"https:\/\/berlin.arbeitundleben.de\/zukunftszentrum-brandenburg\/beratung\/\" \/>\n<meta property=\"og:locale\" content=\"de_DE\" \/>\n<meta property=\"og:type\" content=\"article\" \/>\n<meta property=\"og:title\" content=\"Beratung - Zukunftszentrum Brandenburg\" \/>\n<meta property=\"og:url\" content=\"https:\/\/berlin.arbeitundleben.de\/zukunftszentrum-brandenburg\/beratung\/\" \/>\n<meta property=\"og:site_name\" content=\"Zukunftszentrum Brandenburg\" \/>\n<meta property=\"article:modified_time\" content=\"2026-01-22T08:50:43+00:00\" \/>\n<meta name=\"twitter:card\" content=\"summary_large_image\" \/>\n<script type=\"application\/ld+json\" class=\"yoast-schema-graph\">{\"@context\":\"https:\/\/schema.org\",\"@graph\":[{\"@type\":\"WebPage\",\"@id\":\"https:\/\/berlin.arbeitundleben.de\/zukunftszentrum-brandenburg\/beratung\/\",\"url\":\"https:\/\/berlin.arbeitundleben.de\/zukunftszentrum-brandenburg\/beratung\/\",\"name\":\"Beratung - Zukunftszentrum Brandenburg\",\"isPartOf\":{\"@id\":\"https:\/\/berlin.arbeitundleben.de\/zukunftszentrum-brandenburg\/#website\"},\"datePublished\":\"2024-08-18T07:20:34+00:00\",\"dateModified\":\"2026-01-22T08:50:43+00:00\",\"breadcrumb\":{\"@id\":\"https:\/\/berlin.arbeitundleben.de\/zukunftszentrum-brandenburg\/beratung\/#breadcrumb\"},\"inLanguage\":\"de\",\"potentialAction\":[{\"@type\":\"ReadAction\",\"target\":[\"https:\/\/berlin.arbeitundleben.de\/zukunftszentrum-brandenburg\/beratung\/\"]}]},{\"@type\":\"BreadcrumbList\",\"@id\":\"https:\/\/berlin.arbeitundleben.de\/zukunftszentrum-brandenburg\/beratung\/#breadcrumb\",\"itemListElement\":[{\"@type\":\"ListItem\",\"position\":1,\"name\":\"Startseite\",\"item\":\"https:\/\/berlin.arbeitundleben.de\/zukunftszentrum-brandenburg\/\"},{\"@type\":\"ListItem\",\"position\":2,\"name\":\"Beratung\"}]},{\"@type\":\"WebSite\",\"@id\":\"https:\/\/berlin.arbeitundleben.de\/zukunftszentrum-brandenburg\/#website\",\"url\":\"https:\/\/berlin.arbeitundleben.de\/zukunftszentrum-brandenburg\/\",\"name\":\"Zukunftszentrum Brandenburg\",\"description\":\"\",\"publisher\":{\"@id\":\"https:\/\/berlin.arbeitundleben.de\/zukunftszentrum-brandenburg\/#organization\"},\"potentialAction\":[{\"@type\":\"SearchAction\",\"target\":{\"@type\":\"EntryPoint\",\"urlTemplate\":\"https:\/\/berlin.arbeitundleben.de\/zukunftszentrum-brandenburg\/?s={search_term_string}\"},\"query-input\":{\"@type\":\"PropertyValueSpecification\",\"valueRequired\":true,\"valueName\":\"search_term_string\"}}],\"inLanguage\":\"de\"},{\"@type\":\"Organization\",\"@id\":\"https:\/\/berlin.arbeitundleben.de\/zukunftszentrum-brandenburg\/#organization\",\"name\":\"Zukunftszentrum Brandenburg\",\"url\":\"https:\/\/berlin.arbeitundleben.de\/zukunftszentrum-brandenburg\/\",\"logo\":{\"@type\":\"ImageObject\",\"inLanguage\":\"de\",\"@id\":\"https:\/\/berlin.arbeitundleben.de\/zukunftszentrum-brandenburg\/#\/schema\/logo\/image\/\",\"url\":\"https:\/\/berlin.arbeitundleben.de\/zukunftszentrum-brandenburg\/wp-content\/uploads\/2024\/07\/aul-logo.png\",\"contentUrl\":\"https:\/\/berlin.arbeitundleben.de\/zukunftszentrum-brandenburg\/wp-content\/uploads\/2024\/07\/aul-logo.png\",\"width\":378,\"height\":183,\"caption\":\"Zukunftszentrum Brandenburg\"},\"image\":{\"@id\":\"https:\/\/berlin.arbeitundleben.de\/zukunftszentrum-brandenburg\/#\/schema\/logo\/image\/\"}}]}<\/script>\n<!-- \/ Yoast SEO plugin. -->","yoast_head_json":{"title":"Beratung - Zukunftszentrum Brandenburg","robots":{"index":"index","follow":"follow","max-snippet":"max-snippet:-1","max-image-preview":"max-image-preview:large","max-video-preview":"max-video-preview:-1"},"canonical":"https:\/\/berlin.arbeitundleben.de\/zukunftszentrum-brandenburg\/beratung\/","og_locale":"de_DE","og_type":"article","og_title":"Beratung - Zukunftszentrum Brandenburg","og_url":"https:\/\/berlin.arbeitundleben.de\/zukunftszentrum-brandenburg\/beratung\/","og_site_name":"Zukunftszentrum Brandenburg","article_modified_time":"2026-01-22T08:50:43+00:00","twitter_card":"summary_large_image","schema":{"@context":"https:\/\/schema.org","@graph":[{"@type":"WebPage","@id":"https:\/\/berlin.arbeitundleben.de\/zukunftszentrum-brandenburg\/beratung\/","url":"https:\/\/berlin.arbeitundleben.de\/zukunftszentrum-brandenburg\/beratung\/","name":"Beratung - Zukunftszentrum Brandenburg","isPartOf":{"@id":"https:\/\/berlin.arbeitundleben.de\/zukunftszentrum-brandenburg\/#website"},"datePublished":"2024-08-18T07:20:34+00:00","dateModified":"2026-01-22T08:50:43+00:00","breadcrumb":{"@id":"https:\/\/berlin.arbeitundleben.de\/zukunftszentrum-brandenburg\/beratung\/#breadcrumb"},"inLanguage":"de","potentialAction":[{"@type":"ReadAction","target":["https:\/\/berlin.arbeitundleben.de\/zukunftszentrum-brandenburg\/beratung\/"]}]},{"@type":"BreadcrumbList","@id":"https:\/\/berlin.arbeitundleben.de\/zukunftszentrum-brandenburg\/beratung\/#breadcrumb","itemListElement":[{"@type":"ListItem","position":1,"name":"Startseite","item":"https:\/\/berlin.arbeitundleben.de\/zukunftszentrum-brandenburg\/"},{"@type":"ListItem","position":2,"name":"Beratung"}]},{"@type":"WebSite","@id":"https:\/\/berlin.arbeitundleben.de\/zukunftszentrum-brandenburg\/#website","url":"https:\/\/berlin.arbeitundleben.de\/zukunftszentrum-brandenburg\/","name":"Zukunftszentrum Brandenburg","description":"","publisher":{"@id":"https:\/\/berlin.arbeitundleben.de\/zukunftszentrum-brandenburg\/#organization"},"potentialAction":[{"@type":"SearchAction","target":{"@type":"EntryPoint","urlTemplate":"https:\/\/berlin.arbeitundleben.de\/zukunftszentrum-brandenburg\/?s={search_term_string}"},"query-input":{"@type":"PropertyValueSpecification","valueRequired":true,"valueName":"search_term_string"}}],"inLanguage":"de"},{"@type":"Organization","@id":"https:\/\/berlin.arbeitundleben.de\/zukunftszentrum-brandenburg\/#organization","name":"Zukunftszentrum Brandenburg","url":"https:\/\/berlin.arbeitundleben.de\/zukunftszentrum-brandenburg\/","logo":{"@type":"ImageObject","inLanguage":"de","@id":"https:\/\/berlin.arbeitundleben.de\/zukunftszentrum-brandenburg\/#\/schema\/logo\/image\/","url":"https:\/\/berlin.arbeitundleben.de\/zukunftszentrum-brandenburg\/wp-content\/uploads\/2024\/07\/aul-logo.png","contentUrl":"https:\/\/berlin.arbeitundleben.de\/zukunftszentrum-brandenburg\/wp-content\/uploads\/2024\/07\/aul-logo.png","width":378,"height":183,"caption":"Zukunftszentrum Brandenburg"},"image":{"@id":"https:\/\/berlin.arbeitundleben.de\/zukunftszentrum-brandenburg\/#\/schema\/logo\/image\/"}}]}},"_links":{"self":[{"href":"https:\/\/berlin.arbeitundleben.de\/zukunftszentrum-brandenburg\/wp-json\/wp\/v2\/pages\/156","targetHints":{"allow":["GET"]}}],"collection":[{"href":"https:\/\/berlin.arbeitundleben.de\/zukunftszentrum-brandenburg\/wp-json\/wp\/v2\/pages"}],"about":[{"href":"https:\/\/berlin.arbeitundleben.de\/zukunftszentrum-brandenburg\/wp-json\/wp\/v2\/types\/page"}],"author":[{"embeddable":true,"href":"https:\/\/berlin.arbeitundleben.de\/zukunftszentrum-brandenburg\/wp-json\/wp\/v2\/users\/1"}],"replies":[{"embeddable":true,"href":"https:\/\/berlin.arbeitundleben.de\/zukunftszentrum-brandenburg\/wp-json\/wp\/v2\/comments?post=156"}],"version-history":[{"count":14,"href":"https:\/\/berlin.arbeitundleben.de\/zukunftszentrum-brandenburg\/wp-json\/wp\/v2\/pages\/156\/revisions"}],"predecessor-version":[{"id":652,"href":"https:\/\/berlin.arbeitundleben.de\/zukunftszentrum-brandenburg\/wp-json\/wp\/v2\/pages\/156\/revisions\/652"}],"wp:attachment":[{"href":"https:\/\/berlin.arbeitundleben.de\/zukunftszentrum-brandenburg\/wp-json\/wp\/v2\/media?parent=156"}],"curies":[{"name":"wp","href":"https:\/\/api.w.org\/{rel}","templated":true}]}}